 when 83 is divided by p(-26)?
17
Let b(g) = 2*g**2 - 2*g - 22. Calculate the remainder when 129 is divided by b(-6).
5
What is the remainder when 35/14*(-504)/(-30) is divided by 23?
19
Suppose -36 = -b + 6*l - 4*l, -3*b + 92 = 2*l. What is the remainder when 123 is divided by b?
27
Let l be 0 - 30/(1 - -1). Suppose -6 + 24 = -3*r. Let v = r - l. Calculate the remainder when 24 is divided by v.
6
Let g(y) = 4*y**2 + 30*y + 118. Calculate the remainder when 115 is divided by g(-5).
47
Let d(g) = 14*g + 3. Let m be d(7). Suppose y = -m + 114. Calculate the remainder when 63 is divided by y.
11
Let h = -37 - -63. Calculate the remainder when 40/(-260) + 2708/h is divided by 12.
8
Suppose z + 59 = 13*l - 10*l, -5*z = 5*l - 105. Calculate the remainder when 176 is divided by l.
16
Let m(v) = 10*v + 23. What is the remainder when m(4) is divided by 23?
17
What is the remainder when 34 is divided by 4/(40/94) + 4/(-10)?
7
Suppose 5*c + 2681 = 4*y, 0*c - 5*c + 3*y = 2682. Let d be 2/11 + c/(-11). Let k = d + -20. What is the remainder when k is divided by 8?
5
Calculate the remainder when 108/(-20)*(-3 + -2) is divided by (-130)/156 - 47/(-6).
6
Let o(g) = g**3 - 3*g - g**2 + 4*g + 0*g**2 + 90. Let k = -414 - -445. Calculate the remainder when o(0) is divided by k.
28
Suppose g - 94 = -2*d, 16*d - 12*d - 200 = -5*g. Calculate the remainder when d is divided by 31.
14
Let r(x) = -x**3 + 19*x**2 + 2*x - 28. Let p be r(19). Suppose 2*y - 165 = -2*y + 3*m, 0 = 2*m - p. Calculate the remainder when y is divided by 12.
9
Let t = 5 + -5. Suppose -3*p - p = t. Suppose -3*a = -p*a - 117. Calculate the remainder when a is divided by 10.
9
Suppose 0 = 5*u - 4 + 4. Calculate the remainder when 3 is divided by -1*(-3 + 1) + (-1 - u).
0
Suppose 2*h = 3*h + 4*w - 22, -5*w + 2 = -3*h. Let g(b) = -b**2 + 5*b - 6. Let p be g(6). What is the remainder when (14/(-3))/(4/p) is divided by h?
2
Let r(p) = -p. Suppose 15*c = 185 - 20. What is the remainder when c is divided by r(-4)?
3
Suppose -4*w - 1731 = -2407. What is the remainder when w is divided by 38?
17
Let i = 1305 - 1302. Suppose -3*n = -4*j - 56, -18 = -n + 4*j - 2*j. Let z = -4 + n. Calculate the remainder when z is divided by i.
1
Suppose 660 = 13*m - 3*m. Calculate the remainder when m is divided by 6.
0
Suppose 76 = 2*c - 3*b, 0 = 2*c - 3*c + 5*b + 52. Calculate the remainder when 1*124/(-6)*-3 is divided by c.
30
Suppose -5*f + 53 = 4*r, 3*r + 2*f - 4*f - 11 = 0. Let o(v) = 19*v - 20. Let j be o(4). Let x = 58 - j. Calculate the remainder when r is divided by x.
1
Suppose 3*f - 30*f + 243 = 0. Suppose 5*t - 3*t = 78. What is the remainder when t is divided by f?
3
Let d = 293 + -279. Let s = -5 - -45. What is the remainder when s is divided by d?
12
Let x be 14/(-77) - 1080/(-11). Suppose 3*z - 2*a - x = 0, -3*z - z + 130 = -3*a. Calculate the remainder when 133 is divided by z.
31
Suppose 17*n + 1056 = 23*n. What is the remainder when n is divided by 55?
11
Let d = 108 + -99. What is the remainder when 240 is divided by d?
6
Let w(g) = -16*g + 20. Let p be w(-11). Suppose -31 = 11*z - p. What is the remainder when 27 is divided by z?
12
Let z(v) = -v**3 - 3*v**2 + 4*v - 4. Let l be z(-4). Let b be 0/((-2)/(-3)*3). Calculate the remainder when l - -5 - (-21 - b) is divided by 6.
4
Calculate the remainder when 118 is divided by (-20)/((3 + -2)/(-4 - -3)).
18
Let o(j) = 5*j. Suppose 2 = -5*w - 2*h - 6, 4*h + 16 = 5*w. What is the remainder when o(3) is divided by w - 1 - (-2 - 5)?
3
Let t(d) be the third derivative of -d**4/24 + 5*d**3/3 + d**2. Let a be t(-7). Suppose h - 13 = a. What is the remainder when h is divided by 11?
8
Suppose -2*m + c = 83 - 28, 3*m + 87 = 3*c. Let p = m + 58. Calculate the remainder when p is divided by 11.
10
Let w(t) = -9*t**2 + 694*t - 13. Let b = -22 + 56. What is the remainder when w(77) is divided by b?
30
Let k(r) = -r**3 - 2*r. Let o = -15 - -43. Suppose -14*p = -18*p + o. What is the remainder when k(-2) is divided by p?
5
Suppose 5*a = 3*i + 1105, a - 221 = -23*i + 27*i. Calculate the remainder when a is divided by 74.
73
Suppose -9*g + 32 + 139 = 0. Calculate the remainder when 2582 is divided by g.
17
Suppose 0 = -2*n - 10, k - 2*n = n + 29. Calculate the remainder when 9*(-7)/((-147)/119) is divided by k.
9
Suppose 0*s = 5*f - s, 0 = s + 5. Let o be 86*3*f/(-6). Let v = o + -20. What is the remainder when 88 is divided by v?
19
Let x be 4/(-6)*(-99)/6. What is the remainder when x*(3 - (9 - 4))*-1 is divided by 4?
2
Suppose -95*b - 960 = -175*b. What is the remainder when 131 is divided by b?
11
Let h = 14 - 6. Let v = 76 + 2. Suppose -108 - v = -6*s. Calculate the remainder when s is divided by h.
7
Suppose 5*i - 473 = 147. Calculate the remainder when i is divided by 2 + 3 + 52/4.
16
Let l = -228 - -351. Calculate the remainder when l is divided by 34.
21
Let v be (-71)/1 - 12/(-3). Let t = 99 + v. What is the remainder when t is divided by 17?
15
Suppose -46*m + 51*m = 180. What is the remainder when 59 is divided by m?
23
Let x(o) = o**3 - 31*o**2 + 47*o - 129. What is the remainder when x(30) is divided by 98?
87
Suppose -2*y + 20 = -4*z - 14, 5*y - 57 = -4*z. Let o(b) = 9*b + 18. Calculate the remainder when o(5) is divided by y.
11
Let w(l) = l**2 - 7*l - 69. Calculate the remainder when 303 is divided by w(-8).
48
Let x = -445 + 468. Calculate the remainder when x is divided by 6.
5
Let g = 201 + -190. What is the remainder when 206 is divided by g?
8
Suppose 46*i = 39*i + 42. What is the remainder when i is divided by (-16)/(-6) + 4/(-6)?
0
Calculate the remainder when 8 is divided by 2 + ((-5 - -4) + 0)*0.
0
Let p(k) = -36*k - 705. Calculate the remainder when p(-38) is divided by 35.
33
Suppose 5*d - 3*r - 811 = 139, 4*d = 5*r + 747. Calculate the remainder when d is divided by 49.
46
Suppose -1191 = -27*c - 354. Calculate the remainder when 112 is divided by c.
19
Suppose 38*x - 108 = 35*x. Suppose r = 45 - x. Calculate the remainder when 26 is divided by r.
8
Let u(b) = b**3 - 7*b**2 + 6*b + 11. Let f be u(6). Calculate the remainder when ((-1)/1 - -4)*f is divided by 18.
15
Let h = -117 + 129. Calculate the remainder when 39 + (-3 - (-2 - 3)) is divided by h.
5
What is the remainder when ((-9)/(-12))/(18/3432) is divided by 8?
7
Let q(w) = -w**3 + 5*w**2 - w - 1. Let s = -55 - -86. Calculate the remainder when s is divided by q(4).
9
Suppose 0*i - 5*i - 45 = 0. Let t(o) = -3*o**2 - 9*o + 4. Let j(r) = -r**2 + r + 1. Let l(c) = -2*j(c) + t(c). What is the remainder when l(i) is divided by 11?
9
Let t(f) = f**3 - 9*f**2 + 10*f - 2. Let a be t(7). Let s be (-6)/a - 278/(-10). What is the remainder when 27 is divided by (2 - 4)*s/(-8)?
6
Suppose 5*r - 4*f - 205 = 0, -82 = -5*r + 3*r + 4*f. What is the remainder when 1146 is divided by r?
39
Suppose 0*l - 28 = -l. What is the remainder when 3/(-21) + (-6 - 1712/(-28)) is divided by l?
27
Suppose -3*r + 44 = n, 3*n = 5*r - 47 + 165. What is the remainder when 200 is divided by n?
36
Let r = 39 - 54. Let o be 3/(-3 - 54/r). Suppose -5 = -t + o. What is the remainder when 36 is divided by t?
6
Let w(c) = -c - 10. Let f be w(-10). Suppose 5*i - 20 = f, i + 26 - 66 = -2*x. Let p = x - -4. What is the remainder when 65 is divided by p?
21
Suppose 2*m - 4*j - 38 = -m, 5*m - 60 = 5*j. Let k be (-1 - -1) + 8 + -10. What is the remainder when m is divided by (-18)/(-5) - k/5?
2
Suppose -3*h + y + 23 = 0, -h - 2 = -3*h + 4*y. What is the remainder when 27 is divided by h?
0
Suppose 2*w - z = 87, -27 = 2*w - 3*z - 112. Suppose 0 = 2*h - h + 12. Calculate the remainder when w is divided by h*(-12)/(-9)*-1.
12
Suppose 13*g = 14*g + 10. Let r = 25 + g. What is the remainder when 57 is divided by r?
12
Suppose -5*g = -2*a - 146, 9*g - 3*a = 4*g + 149. Suppose 8*t - 1200 = -2*t. Suppose 0*i - t = -8*i. Calculate the remainder when g is divided by i.
13
Let d(c) = -5*c - 1. Let t be d(-3). Calculate the remainder when (-3)/(-2) + 973/t is divided by 25.
21
Let a(k) = -22*k + 14. What is the remainder when 391 is divided by a(-3)?
71
Suppose 0 = -j + 5*j + u - 50, 4*u = 2*j - 16. Suppose -2*c = -4*m - 4, 3*c - 2*m - 6 = -4*m. What is the remainder when j is divided by c?
0
Let n(f) be the first derivative of f**4/4 + 7*f*